ors of 2246234991.
3, 7, 11, 13, 29, 25793
List the prime factors of 205598074.
2, 11, 9345367
List the prime factors of 1869282615.
3, 5, 124618841
List the prime factors of 871570664.
2, 331, 329143
List the prime factors of 265426616.
2, 7, 13, 43, 61, 139
List the prime factors of 3299244689.
13, 17, 79, 101, 1871
What are the prime factors of 6294430962?
2, 3, 173, 2021333
What are the prime factors of 1765526738?
2, 17, 59, 547, 1609
What are the prime factors of 457028518?
2, 228514259
What are the prime factors of 33559687?
7, 4794241
List the prime factors of 251595433.
14897, 16889
List the prime factors of 2311647265.
5, 462329453
What are the prime factors of 2265606637?
7, 323658091
What are the prime factors of 185569796?
2, 23, 73, 27631
List the prime factors of 312528830.
2, 5, 23, 1358821
What are the prime factors of 795458607?
3, 265152869
What are the prime factors of 4493898438?
2, 3, 43, 17418211
What are the prime factors of 62739358?
2, 11, 2851789
List the prime factors of 46023045.
3, 5, 3068203
What are the prime factors of 290521603?
1993, 145771
List the prime factors of 117325729.
53, 83, 149, 179
List the prime factors of 163245323.
163245323
What are the prime factors of 33067060?
2, 5, 13, 89, 1429
List the prime factors of 789802623.
3, 29251949
What are the prime factors of 65769423?
3, 73, 300317
List the prime factors of 30442621.
11, 2767511
List the prime factors of 86671474.
2, 17, 31, 82231
List the prime factors of 596157840.
2, 3, 5, 275999
What are the prime factors of 25959919?
25959919
What are the prime factors of 5406391679?
13, 415876283
List the prime factors of 192174408.
2, 3, 587, 4547
What are the prime factors of 616311224?
2, 1109, 69467
List the prime factors of 12246234.
2, 3, 7, 11, 13, 2039
What are the prime factors of 1339098202?
2, 13, 311, 12739
What are the prime factors of 148317921?
3, 1901, 8669
List the prime factors of 601155797.
11, 173, 315899
What are the prime factors of 48448140?
2, 3, 5, 13, 179, 347
What are the prime factors of 4391526433?
7, 31, 20237449
List the prime factors of 14099434.
2, 7049717
What are the prime factors of 100439047?
47, 83, 25747
What are the prime factors of 278185728?
2, 3, 362221
List the prime factors of 1047570081.
3, 101, 3457327
What are the prime factors of 78377408?
2, 701, 1747
List the prime factors of 651982450.
2, 5, 7, 59, 31573
What are the prime factors of 3998777?
617, 6481
List the prime factors of 2323482311.
12157, 191123
What are the prime factors of 225987572?
2, 41, 1377973
List the prime factors of 774776445.
3, 5, 17, 383, 7933
What are the prime factors of 928908513?
3, 13, 2646463
List the prime factors of 100826462.
2, 11, 41, 111781
What are the prime factors of 160913728?
2, 2514277
List the prime factors of 1301688537.
3, 19, 179, 127579
List the prime factors of 1810785619.
1810785619
List the prime factors of 22952936.
2, 2869117
What are the prime factors of 24696595?
5, 7, 11, 23, 2789
What are the prime factors of 2183645859?
3, 31, 4013, 5851
What are the prime factors of 150738127?
150738127
What are the prime factors of 7202399889?
3, 2400799963
What are the prime factors of 830156241?
3, 276718747
What are the prime factors of 5046724567?
17, 151, 283, 6947
What are the prime factors of 1247245827?
3, 12413, 33493
What are the prime factors of 485876722?
2, 113, 2149897
What are the prime factors of 677141134?
2, 338570567
What are the prime factors of 19798055?
5, 23, 172157
What are the prime factors of 43849155?
3, 5, 7, 23, 67, 271
List the prime factors of 1053722872.
2, 193, 682463
List the prime factors of 7176017727.
3, 193, 659, 6269
List the prime factors of 4246056.
2, 3, 17, 3469
List the prime factors of 1477100054.
2, 1129, 654163
What are the prime factors of 1504974472?
2, 1597, 117797
What are the prime factors of 1527224575?
5, 1789, 34147
List the prime factors of 782493026.
2, 7, 521, 107279
List the prime factors of 6839895135.
3, 5, 23, 397, 49939
List the prime factors of 206234118.
2, 3, 11457451
What are the prime factors of 48930737?
331, 147827
List the prime factors of 61229006.
2, 37, 109, 7591
List the prime factors of 1962301250.
2, 5, 7, 13, 1327
What are the prime factors of 260242181?
260242181
What are the prime factors of 91247340?
2, 3, 5, 29, 229
What are the prime factors of 175897327?
5639, 31193
What are the prime factors of 3018514980?
2, 3, 5, 13, 167, 23173
What are the prime factors of 291460175?
5, 587, 19861
List the prime factors of 38389798.
2, 43, 509, 877
List the prime factors of 735775573.
13, 1409, 40169
What are the prime factors of 28048198?
2, 17, 824947
What are the prime factors of 12399143?
12399143
List the prime factors of 490265975.
5, 17, 107, 10781
What are the prime factors of 964769013?
3, 13, 29, 284341
List the prime factors of 249852965.
5, 49970593
What are the prime factors of 184625436?
2, 3, 673, 22861
What are the prime factors of 2745879352?
2, 59, 5817541
List the prime factors of 185268502.
2, 821, 112831
What are the prime factors of 498499097?
498499097
List the prime factors of 191287593.
3, 7, 229, 13259
What are the prime factors of 1344027074?
2, 13, 157, 329257
List the prime factors of 2822243781.
3, 7, 134392561
List the prime factors of 241324946.
2, 120662473
What are the prime factors of 1412128975?
5, 101, 559259
What are the prime factors of 4332215?
5, 866443
What are the prime factors of 1399850162?
2, 47, 67, 222269
What are the prime factors of 3343686652?
2, 19, 43995877
List the prime factors of 51905966.
2, 7, 31, 199, 601
List the prime factors of 156179190.
2, 3, 5, 1151, 4523
What are the prime factors of 3789349551?
3, 13, 32387603
What are the prime factors of 89379540?
2, 3, 5, 17, 29209
What are the prime factors of 233195170?
2, 5, 13, 19, 4969
List the prime factors of 16243423.
7, 19, 122131
What are the prime factors of 18553950?
2, 3, 5, 41231
What are the prime factors of 1523801691?
3, 19, 79, 112799
What are the prime factors of 40138462?
2, 7, 13, 17, 12973
What are the prime factors of 457496299?
13, 17, 1381, 1499
What are the prime factors of 111149170?
2, 5, 11, 29, 34843
What are the prime factors of 2843245301?
13, 4397, 49741
What are the prime factors of 1663684337?
7, 1667, 142573
List the prime factors of 578313149.
43, 13449143
What are the prime factors of 60581597?
53, 1143049
List the prime factors of 2948535.
3, 5, 21841
What are the prime factors of 10768011?
3, 73, 49169
List the prime factors of 2844831502.
2, 29, 61, 163, 4933
List the prime factors of 1713276.
2, 3, 47591
What are the prime factors of 91499806?
2, 73, 626711
What are the prime factors of 382354927?
382354927
List the prime factors of 64111832.
2, 107, 74897
What are the prime factors of 6763571614?
2, 3381785807
What are the prime factors of 26845697?
199, 313, 431
What are the prime factors of 26777411?
29, 311, 2969
List the prime factors of 4552903560.
2, 3, 5, 293, 129491
What are the prime factors of 45456482?
2, 22728241
What are the prime factors of 360410105?
5, 11, 1637, 4003
What are the prime factors of 150057879?
3, 50019293
List the prime factors of 3426533290.
2, 5, 197, 1739357
List the prime factors of 11244645.
3, 5, 249881
What are the prime factors of 1654829995?
5, 7, 13, 37, 98297
What are the prime factors of 32337503?
11, 61, 48193
What are the prime factors of 15688826?
2, 29, 83, 3259
What are the prime factors of 1901345318?
2, 950672659
List the prime factors of 1747702117.
7, 997, 250423
What are the prime factors of 1336478847?
3, 11, 40499359
What are the prime factors of 5422390?
2, 5, 47, 83, 139
What are the prime factors of 118525268?
2, 19, 919, 1697
What are the prime factors of 2440978145?
5, 488195629
What are the prime factors of 92877981?
3, 7, 29, 21787
List the prime factors of 150651440.
2, 5, 53, 35531
List the prime factors of 183197467.
183197467
List the prime factors of 505998626.
2, 7, 457, 79087
What are the prime factors of 4471675769?
11, 406515979
What are the prime factors of 993853828?
2, 11, 23, 73, 1223
List the prime factors of 82129968.
2, 3, 101, 5647
What are the prime factors of 101354824?
2, 151, 83903
List the prime factors of 2632820